0 = -5*y - s + 4*s + 7, -3 = -4*y + 5*s. Let a = z - y. What is the highest common divisor of a and 32?
8
Let o = 2166 + -2162. Calculate the highest common divisor of 52 and o.
4
Suppose 8*t = 3*t - 20, -48 = -2*n - t. Calculate the greatest common divisor of n and 247.
13
Let w be 1/2 - (-777)/6. Suppose 7*h = 10*h - 156. What is the greatest common divisor of h and w?
26
Let g(j) = 2*j**3 - 2*j**2 - 8*j - 5. Let s be g(4). Let k = -57 + s. What is the greatest common factor of 4 and k?
2
Suppose -16*j - 3*j = -5187. Calculate the highest common factor of j and 42.
21
Suppose -12*y + 1165 = -575. What is the greatest common factor of y and 203?
29
Let p = 98 + -10. What is the highest common divisor of 154 and p?
22
Suppose 0 = 10*g + 57 - 97. Calculate the highest common factor of 54 and g.
2
Suppose -5*w + 10*w - 4900 = 0. Suppose 14*p = 18*p - w. What is the greatest common divisor of p and 35?
35
Let p = 1175 + -830. What is the greatest common divisor of p and 138?
69
Let r(p) = 2*p**2 + 12*p + 14. Let u be r(-6). Suppose 0 = -4*g + 27 + 29. Suppose 4 - g = -5*l. What is the highest common divisor of l and u?
2
Let v = -7736 + 7746. Suppose 0 = w - 3*i - 9, 5*w + 2*i - 22 = w. Calculate the highest common factor of w and v.
2
Suppose -8*f + 72 = -9*f. Let z be 2/9 - (200/f - 7). Let p(b) = 2*b**2 - 6*b - 6. Let x be p(-4). Calculate the greatest common factor of z and x.
10
Let g = 36 + -91. Let v be 6/(-33) - 3750/g. Calculate the highest common divisor of v and 170.
34
Let c = -43 + 83. Calculate the highest common divisor of 6 and c.
2
Let r(w) = -w**2 + 14*w + 2. Let j be r(14). Suppose -4*t + 156 = -5*u - 240, 0 = -j*u. Calculate the highest common divisor of t and 9.
9
Let u(p) be the third derivative of -p**6/120 - 13*p**5/60 + 7*p**3/3 - 10*p**2. Let v be u(-13). Calculate the highest common divisor of 70 and v.
14
Suppose 5*u - 3*i - 139 - 105 = 0, -4*u + 194 = -3*i. Suppose -6*o + u = -o. Calculate the highest common divisor of o and 2.
2
Let g(i) = 7*i**2 + 2*i - 2. Let u be g(2). Let d be (-5)/15 + 314/(-3). Let p be (-2)/(-6) - d/9. What is the greatest common factor of p and u?
6
Let q = 16 + 8. Suppose -196 = -2*p - 4*u, 3*p - 119 - 210 = u. Suppose -2*c + p = c. What is the highest common factor of c and q?
12
Let o = 22 + -20. Let b be (o/(-5))/(2/(-10)). Suppose b*m = 10 + 4. Calculate the highest common factor of m and 63.
7
Let p = -120 + 363. Let q(u) = -3*u + 6. Suppose -3*t = 5*d + 36, 3 = -2*t + 2*d - 5. Let v be q(t). What is the greatest common divisor of p and v?
27
Suppose -4*l - 20 = 0, 2690 = 7*t - 3*t - 2*l. Suppose -3*d + 5*s = -424, -d - t = -6*d + s. Calculate the highest common factor of 19 and d.
19
Let l be 2/(-5) - (-51)/15*1. Suppose 5*t - 7 = l*w - 1, -2*t + 9 = w. What is the greatest common divisor of t and 18?
3
Let d = -14 + 16. Suppose 3*u - 25 = -4*c + d*u, 2*c - u = 5. Suppose -3*k + c*k = 46. Calculate the greatest common divisor of 253 and k.
23
Suppose -3*r + 5*u = -55, -9 = -2*r - 2*u + 1. Suppose f + f = r. Suppose 2*b + 556 = f*m - 2*b, -5*b = -5. Calculate the greatest common divisor of m and 14.
14
Let m = -68 + 68. Suppose -5*h - 35 = 3*f - 115, m = -5*f. What is the greatest common factor of h and 176?
16
Let d(j) = 2*j**3 + 33*j**2 + 7*j - 32. Let k be d(-16). What is the highest common factor of k and 28?
28
Let q be (60/18)/(2/6). Let t(r) = r**2 + r + 18. Let g be t(8). Calculate the greatest common divisor of g and q.
10
Suppose -3*a - 3*o + 11 = -o, 2*a - 2*o = 4. Let r be ((-22)/6 + 3)*-3. Let c = a + r. What is the greatest common factor of 10 and c?
5
Let t(y) = -y**2 - 13*y + 7. Let d(w) = -w**3 - 7*w**2 + 11*w + 12. Let n be d(-8). Let h be t(n). Calculate the greatest common factor of h and 152.
19
Suppose g + 1162 = 4*n, -5*n + 0*n + 4*g = -1447. Let f = 97 + -96. Let y be n/12 + f/(-4). What is the highest common divisor of 60 and y?
12
Let u = 343 + -327. What is the highest common divisor of u and 672?
16
Let b(j) = -7*j + 239. Let d be b(-16). Calculate the highest common divisor of 13 and d.
13
Suppose -3*c = 2*c, 3*a = 4*c + 90. Let s = -10 + 16. Calculate the greatest common divisor of s and a.
6
Let x(c) be the third derivative of -5*c**4/24 - 13*c**3/2 - 6*c**2. Let k be x(-19). Calculate the greatest common divisor of 84 and k.
28
Suppose -3*c - 3*u + 425 = -u, 4*c + u - 560 = 0. Suppose 381 = 13*t - c. Calculate the highest common factor of 60 and t.
20
Let b be -5 + (-28)/(-5) - (-77)/5. What is the greatest common divisor of b and 248?
8
Let c(i) = -2*i - 32. Let u be c(-5). Let s be (u/33)/((-2)/594). Calculate the greatest common factor of 18 and s.
18
Let x(h) = -12*h + 4. Let a be 1 + -5 - (-7)/7. Let d be x(a). Suppose 3*r - 5*v - 15 = 4*r, 3*r - 19 = v. Calculate the highest common factor of d and r.
5
Let u = 49 + -48. Suppose 3*k = -2 + 26. What is the greatest common divisor of k and u?
1
Suppose -15 = -4*u + 5*r - 4*r, u + 6 = -3*r. Let n be (u - (2 - 0))*76. Suppose n = -0*d + 4*d. Calculate the greatest common divisor of 190 and d.
19
Let u(r) = r**3 - 9*r**2 + 31*r - 175. Let b be u(9). What is the highest common factor of 364 and b?
52
Suppose 6*n + 3*n = 45. Suppose -28 = -x + 2*d, -x + 20 = x + n*d. What is the highest common divisor of 40 and x?
20
Suppose -4*k + 297 = -6*r + r, 0 = -3*k + 4*r + 222. Let u = -73 + k. Calculate the highest common divisor of 75 and u.
5
Let p(o) = -2*o + 4. Let b be p(5). Let w be (-33)/(-11)*8/b. Let j be -18*27*w/8. Calculate the highest common factor of j and 27.
27
Suppose 4*s + 3*r - 2208 = 0, s - 2*r - 247 - 305 = 0. Calculate the greatest common factor of 24 and s.
24
Let n(g) = -2*g**2 + g + 4. Let q be n(3). Let o(y) = 2*y**2 - 10*y + 2. Let f be o(4). Let t = f - q. What is the highest common divisor of t and 5?
5
Let b be (0 - -10)/(-70) + (-666)/(-7). Calculate the greatest common factor of 19 and b.
19
Let u(y) = 7*y + 11. Let a be u(-12). Suppose 2*q + 6 = -0*q. Let c be 1 - (q/1 + a). Calculate the greatest common divisor of c and 7.
7
Let x be (-407)/(-3) - (-12)/36. Suppose -2*w = 2*w - x. Suppose j - z - 43 = -j, 2*z = -2*j + w. Calculate the highest common factor of 30 and j.
10
Suppose -5*q + a + 44 + 29 = 0, 5*q - 69 = 3*a. Let v be (5 - 1)*q/10. Let k be (-6)/4 + 189/6. Calculate the highest common divisor of v and k.
6
Suppose 648*x = 638*x + 140. What is the greatest common factor of x and 1498?
14
Let r(s) = -s**2 - 13*s - 7. Let t be r(-7). Let c = t - 24. Let p be (-88)/(-10)*3/(-3)*-10. Calculate the greatest common factor of c and p.
11
Let z(j) = 4*j**2 - 17*j + 10. Let d be z(4). What is the greatest common factor of 6 and d?
6
Suppose 8 = -4*m, -5*g + 2*g = 3*m - 18. Suppose g = i - 2. What is the highest common factor of i and 1?
1
Let r = -3 + 6. Let w = -12 - -14. Suppose 0*u - w*u + 2 = 0. Calculate the highest common divisor of u and r.
1
Let q(i) = -i**3 + 8*i**2 - 8*i + 7. Let u be q(7). Suppose 2*n + 5*v - 59 = u, -5*v + 9*v = -20. Calculate the highest common factor of 21 and n.
21
Suppose -10*g - 12 = -4*g. Let p be g + 0 + -1 - (-2 - 25). Calculate the highest common divisor of 264 and p.
24
Suppose z - 732 = 2*a, -4*z + 2898 = a + a. Suppose -4*o = -o - z. Suppose i + o = 2*i. What is the highest common factor of i and 22?
22
Let d(u) = -131*u - 256. Let t be d(-9). What is the greatest common divisor of 13 and t?
13
Let n = -4520 + 4535. Let g be 5*2*(-1)/(-2). Calculate the highest common factor of g and n.
5
Let m(f) = f**2 + 21*f - 17. Let s be m(-22). Calculate the highest common factor of s and 45.
5
Let s(w) = w**2 + w - 2. Let x(n) = -n + 12. Let y be x(8). Let a be -4*(-2)/y + 0. Let i be s(a). What is the highest common factor of i and 6?
2
Suppose -5*j + 8 = -4*j - t, -5 = -4*j - 5*t. Suppose k = 2*k. Suppose l - 15 = j*n - 3, k = -4*l - 5*n + 73. Calculate the highest common divisor of 17 and l.
17
Let d be 49/7 - (0 - 2). Let x = 31 - d. Calculate the highest common divisor of 11 and x.
11
Suppose 2*z + 0*z - 286 = 0. Let p be 2/(-3)*(-27)/6. Let g be (-26)/p*36/(-24). Calculate the greatest common divisor of z and g.
13
Let o be (-10)/40*(-4 + 0)*5. Let f = -3 - -8. Suppose 4*p + 5*s = o*p - 27, 0 = f*p - 4*s - 51. What is the highest common fac